 = 6, 4*h + 10 = 5*b. Suppose j - b*j + 6 = 0. What is the units digit of j?
6
Let c(k) = -5*k + 13. What is the hundreds digit of c(-30)?
1
Let v be 12*((-20)/(-8))/5. Suppose -i - v = -28. What is the units digit of i?
2
Let w = 109 - 105. Suppose -s + 633 = w*r - 6*s, r = -5*s + 152. What is the tens digit of r?
5
Suppose -2070 = -2*q - q + 3*h, 2760 = 4*q - 2*h. What is the units digit of q?
0
Let z = 912 + -644. What is the hundreds digit of z?
2
Let n = -37 + 37. What is the hundreds digit of (2 - n - 55)/((-2)/4)?
1
Let q(v) = -v + 3. Let k be q(-4). Let r = k - 7. Suppose r*a - 2*a = -34. What is the tens digit of a?
1
Let a(j) = -27*j**2 - 7*j + 9. Let d(l) = -52*l**2 - 13*l + 18. Let w(o) = 11*a(o) - 6*d(o). What is the hundreds digit of w(4)?
2
Let k = -11 + 16. Let v = k - 3. Suppose 3*a - v*n - 50 = -0*a, a = -5*n - 6. What is the units digit of a?
4
Let x(a) = -a - 1. Let h(r) = -r - 1. Let q(o) = 2*h(o) - 3*x(o). Let f be q(4). Let k = 23 + f. What is the tens digit of k?
2
Suppose 813 + 7069 = 7*r. What is the tens digit of r?
2
Let p(f) = f**3 - 12*f**2 - 37*f + 30. What is the hundreds digit of p(15)?
1
Let v(q) = -53*q + 36. Suppose -13 = 6*x + 11. What is the tens digit of v(x)?
4
Let y(f) = 159*f - 286. What is the thousands digit of y(9)?
1
Let m be 4/(0 - (2 - 3)). Let w = 8 - m. What is the tens digit of 80/3 - w/6?
2
Let y(r) = -r**3 - 7*r**2 - 2*r + 27. Let v be y(-5). What is the units digit of (v*1)/((4/60)/(-1))?
5
Let u be (94 - 0) + -5 + 7. Suppose 3*t - 6*c = -c + u, -4*t + c = -128. What is the tens digit of t?
3
Let q be 1 + 6 + (1 - 3). Suppose 2*d = 4*c - q - 11, -2*c + 20 = -4*d. What is the tens digit of 11/((-1)/(d/4))?
1
Let o be 5 - -2*(-3)/(-6). Suppose 0 = q + 2*q - o. Suppose 3*u - 3*s = -5*s + 69, -4*u - q*s = -92. What is the tens digit of u?
2
What is the hundreds digit of (1 - 0)/(3 + 13024/(-4344))?
5
Suppose 2*a - 4*o + 21 + 9 = 0, -a - 27 = -5*o. Let h be (-42)/(-3)*(-2)/a. Suppose -h*v - 11 + 87 = 0. What is the units digit of v?
9
Let n(m) = m**2 - 8*m + 10. Let i be n(7). Suppose -i*p + 21 = p + t, 0 = -t + 5. Suppose p*u - 62 = 2*u. What is the tens digit of u?
3
Let o = 20 - 22. What is the tens digit of 332/12 - o/(-3)?
2
Let o = -66 + 58. Let q(b) = -16*b + 32. What is the hundreds digit of q(o)?
1
Suppose -2354 - 18086 = -28*l. What is the hundreds digit of l?
7
Let p(f) = -f**2 - 18*f + 5. Let s be p(-18). Suppose -s*k + 278 = 3*y, 2*y + 0*k - 181 = k. What is the tens digit of y?
9
Let q be 1914/10 - (-12)/20. Suppose -249 = -5*a - 4*p, -5*a = -a - 4*p - q. What is the units digit of a?
9
Let j(h) = -3*h + 13. Let z(n) = 9*n. Let v be z(4). Suppose 0*b + v = -6*b. What is the tens digit of j(b)?
3
Let t = 54 + -51. Let h(s) = 26*s + 2. What is the tens digit of h(t)?
8
Suppose r = 2 + 3. Suppose 0 = 4*h - z - 417, r*h + 4*z = 427 + 110. What is the units digit of h?
5
Suppose x = k, x + 15 = 4*x + 2*k. What is the units digit of 1 + x/6*18?
0
Let p = 169 + 3983. What is the tens digit of p?
5
Suppose -3*j = 4*q + 55 + 17, 5*q + j = -101. Let y = q - -25. What is the units digit of (3/y)/((-9)/(-648))?
4
Suppose 3*f = -x + 18, -2*x + 0 = 2*f - 20. Suppose -4*k + 5*t = -14, 5*k - 3 = 2*t + x. Suppose 3 - k = r, 16 = 2*q - r. What is the units digit of q?
9
Suppose 4*v - 832 = 2*q, -2*q = -6*q + 8. What is the hundreds digit of v?
2
Let f be (-174)/21 - 6/(-21). Let x = f + -98. Let v = 169 + x. What is the units digit of v?
3
Let f(c) = 2*c**2 - 11*c - 295. What is the hundreds digit of f(20)?
2
Suppose -3*p + 5 - 17 = 0. Let v be 118/10 + 3/15. What is the tens digit of 37 - (v/(-3))/p?
3
Let y(n) = -n**2 - 12*n + 8. What is the units digit of y(-12)?
8
What is the tens digit of 681/(9*3/9)?
2
Let r(o) = 620*o**2 + 32*o - 93. What is the hundreds digit of r(3)?
5
Suppose -1 = k - 0. What is the units digit of ((-2)/(-4))/(k/(-102))?
1
Suppose -58 = -2*x - 0*o - 2*o, 0 = 2*x - 4*o - 34. Let s be (16/5)/(5/x). Suppose -k - s = -2*k. What is the units digit of k?
6
What is the hundreds digit of (-790)/(-4) - 2/4?
1
Let i(o) = 10*o**2 - 88*o + 31. What is the tens digit of i(23)?
9
Let i = 18 - 3. Suppose -3*v = -i - 3. What is the tens digit of 44/12*(v - 0)?
2
Let i = -11 + 11. Suppose i = -3*j + 238 + 176. What is the units digit of j?
8
Let l be (-1)/((-6)/39 + (-7)/39). Suppose -h + 5*b + 117 = 0, -h = -l*b + 4*b - 87. What is the tens digit of h?
9
Suppose -90 + 554 = f. What is the hundreds digit of f?
4
Let o = -2690 - -4111. What is the thousands digit of o?
1
Let d be ((-138)/8 - -4)*-8. Let o = d + -36. What is the tens digit of o?
7
Suppose 8 = 5*u + 3*i, 4 = 4*u - 0*u + 3*i. Suppose -o + 2*l = -l - 70, u*l = -o + 70. What is the units digit of o?
0
Let q = 17 + 28. Suppose 3*n - q = -0*n. Let d = -12 + n. What is the units digit of d?
3
Let u be ((-1)/(-3))/(3/9). What is the units digit of u/(1/(3 - (0 + -2)))?
5
Let k be -7*(2 + 2*-4). Let l = k - 36. What is the units digit of l?
6
Let w(t) be the first derivative of 3*t**2/2 + 5*t - 2. Let m = -16 + 21. What is the tens digit of w(m)?
2
Let g be (0 - 3) + -25 + 1. Let x = 29 + g. Suppose 124 = 2*s + x*t, -3*s + s - 5*t = -124. What is the units digit of s?
2
Let b be -47*(48/6 + 1). Let k = b + 599. What is the tens digit of k?
7
Suppose 3*k - g + 3*g - 686 = 0, 2*k - 3*g - 440 = 0. Suppose r = 3*s - 0*r - 355, -2*s - 2*r + k = 0. What is the tens digit of s?
1
Let q(u) = -4 + 4 - 2 + 7 - 4*u - 8*u**2 - u**3. What is the units digit of q(-8)?
7
Let c(a) = -a**3 - 3*a**2 + 11*a - 10. What is the tens digit of c(-9)?
7
Let f be 11/(22/8) - -22*26. Suppose 11*j = -j + f. What is the units digit of j?
8
Let q(o) = -o**3 + 7*o**2 + o - 10. Let v be q(7). Let s be (-3)/v*21/3. Suppose 0 = 2*g - s - 11. What is the units digit of g?
9
Let d be 184/(-10) + 4/10. Let f = -16 - d. Suppose -f*q - 84 = -5*q. What is the tens digit of q?
2
Suppose 2*g - 3*g = 2*q - 2, 8 = -q - 5*g. Suppose z - 5*c = 69, 4*z = -0*z - q*c + 320. What is the tens digit of z?
7
Let a(m) = -m**2 - 10*m + 6. Let r be a(-10). Suppose -4*c = 5*i + 5 + 10, 3*i = -3*c - r. What is the tens digit of (-4228)/(-98) + 1/i?
4
Suppose 2*n - 88 = 122. Suppose -g = u - n, -17 = -5*u + 3. What is the tens digit of g?
0
Suppose 2*q = -5*u + 51, -2*u = -2*q - 2*q - 6. Suppose 6*x = u*x - 12. Suppose -4*w + 2*w = 2*v - 54, -113 = -x*w + v. What is the units digit of w?
8
Let h(s) = s**3 + 2*s - 2. Let m be h(2). Let w be 6/m - 477/(-5). Suppose -2*i = -5*y - 3*i + 76, 5*y - 4*i - w = 0. What is the units digit of y?
6
Suppose -2*a + 6 = a. Suppose 0 = -3*y - 0 + 6. Suppose 3*x + 4*c = 66, -a*c = y*x - 25 - 17. What is the tens digit of x?
1
Let m(o) = -o**3 + 4*o**2 + o + 7. Let f be m(5). Let b = 203 - 180. Let i = b + f. What is the tens digit of i?
1
Suppose -4*q - 9*f + 10*f = -4825, 1230 = q - 5*f. What is the thousands digit of q?
1
Let j(n) = -149*n - 40. What is the units digit of j(-8)?
2
Let y = 231 + 2552. What is the tens digit of y?
8
Let c = -17 + 27. Let b = c + -4. What is the tens digit of 345/10*8/b?
4
Let q(g) = -g**3 + 8*g**2 + 13*g - 9 - 18*g**2 + 2*g**2 - 5*g**2. Let l be (1 - (-19)/5 - 2)*-5. What is the units digit of q(l)?
5
Let a(q) = -24*q + 1. Let m be a(-2). Suppose m*u - 178 = 48*u. What is the hundreds digit of u?
1
Let h(n) = n**3 - 11*n**2 - 22*n + 20. What is the tens digit of h(15)?
9
What is the units digit of 9/(-189)*-9 + 106696/28?
1
Suppose 8*x + 326 = 9*x. What is the hundreds digit of x?
3
Let k(r) = 2*r**2 + 12*r - 48. What is the thousands digit of k(21)?
1
Let u be (15/(-4))/((-9)/24). Let o = 13 - u. Suppose -x - 16 = -o*x. What is the units digit of x?
8
Let r(v) be the third derivative of -v**6/120 + 13*v**5/60 + 4*v**4/3 + 3*v**3 - 37*v**2. What is the units digit of r(15)?
8
Suppose 20*x - 8533 = 3067. What is the tens digit of x?
8
Let i = -743 + 2430. What is the tens digit of i?
8
Let h be -1 + 3 + 0 + 1. Suppose 5*z + 12 = -13, -3*z = -3*i + 36. Suppose -2*a = -i*r + h*r - 80, -3*a - 3*r = -102. What is the tens digit of a?
3
Let w = -1569 - -2580. What is the tens digit of w?
1
Let y be (-60)/18*(-15)/2. Suppose 4*h + y = -63. Let b = 39 + h. What is the units digit of b?
7
Let b(k) = -401 + 401 - 32*k. What is th